e of -1 + ((-5 - -2) + 1 - -3)?
0
What is (2 - (8 - 4)) + -1 + -2?
-5
Calculate -14 - (10 - 12 - 8).
-4
4 + -5 + (0 - -1) + 1
1
What is the value of 0 + 1 + -10 + 14?
5
Evaluate 2 + (7 - (12 + -7)) + -5.
-1
What is -13 + 12 + -3 + 7 + -2?
1
What is the value of (-1 - -3 - 5) + 1 + -3?
-5
What is 6 + 6 + 5 + -18 + -6?
-7
What is 1 - ((9 - 6) + -3 + 1)?
0
Calculate 1 + -1 + (3 - 4) - -2.
1
What is the value of -1 + 0 + 0 - (39 + -43)?
3
Evaluate 5 - (-5 + 11) - -6.
5
What is the value of 1 - (-7 + 9 + 5)?
-6
Evaluate (158 - 149) + -1 + -18.
-10
What is -3 + 2 + 5 + 1 + -4?
1
Calculate -4 + (-4 - (-7 - -3)).
-4
What is 0 + (-2 + 1 - (2 - 0))?
-3
Evaluate 3 - (-8 + (6 - 0)).
5
-182 + 184 - (0 + (-4 - -1))
5
What is -5 + 0 + 8 + -3 + -2?
-2
Evaluate -2 + 1 + 5 + (-5 - 3).
-4
Calculate -2 - (10 - (6 + 4)).
-2
Calculate -1 + 2 + 5 - 7.
-1
What is -1 + (-6 - 1 - -7)?
-1
What is the value of (-8 - (1 + 0)) + (1 - -2)?
-6
What is the value of -3 + 1 - (3 + -2) - -6?
3
What is 5 + -3 + 1 - (4 + -3)?
2
What is -9 - -8 - (1 - 5) - 5?
-2
Evaluate (-25 - -20) + (0 - -4).
-1
Calculate 0 + 0 + -7 - -8.
1
Calculate 73 - 79 - (1 - 5).
-2
Calculate (-3 - ((-5 - 0) + 0)) + 0.
2
Calculate (-7 - (-1 + -2)) + 4.
0
What is -7 + 1 + (-39 - -39)?
-6
Evaluate -2 - (-4 + (-4 - -8)).
-2
What is 31 - 25 - (0 + 2)?
4
What is the value of (13 - 17) + -11 + 17?
2
Evaluate -8 - (-1 - (2 + -2)).
-7
What is 3 + (-7 - ((-2 - -3) + 0))?
-5
What is -3 - 0 - ((-2 - 2) + -4)?
5
Evaluate -1 - 6 - (-4 + -3).
0
1 + -2 + 4 - (1 + -2)
4
2 + -8 - (-5 - -12 - 11)
-2
What is -5 + (10 - 4) - 5?
-4
What is -3 + ((-1 - 0) + 0 - 0)?
-4
Evaluate -4 - (-10 - (-7 - -2)).
1
-4 + -14 + (3 - -21)
6
3 - (1 + 0 + -1) - 6
-3
Calculate (5 + -3 - (-1 + 0)) + -2.
1
Evaluate (-10 - -11) + 0 + -7.
-6
What is -5 + (3 - 4 - (1 - 3))?
-4
-10 + 12 - (-4 + 1)
5
Evaluate 11 - (-2 + -2 - -6).
9
Evaluate -2 - (-2 + -8 + 4) - 4.
0
What is the value of -8 - (-23 - -11) - -3?
7
7 + (-9 - 0) + 11
9
Calculate -5 - (-5 + 2) - (4 - 6).
0
Evaluate (-7 - -1) + 4 + 4.
2
Calculate -8 + (1 - (-10 + 2)).
1
What is the value of -13 + 6 + 7 + -5?
-5
Evaluate -18 - -9 - (-2 - (-4 + 6)).
-5
-67 + 65 + (1 - 3)
-4
What is 2 + (2 - (-3 + 7)) - -3?
3
Calculate -1 - (3 + (-4 - -4) - -1).
-5
Calculate (14 - 8) + -3 + 0.
3
-8 - -1 - (-27 - -23)
-3
Calculate 0 - (0 - (-3 + 4)).
1
Calculate -3 + -2 + 5 + 4.
4
(-2 - (7 + -4)) + -5 + 8
-2
Calculate -1 + -3 + (5 - 3) + 0.
-2
Evaluate (5 - 3 - -1) + -8.
-5
Evaluate 3 - 10 - (-1 + (1 - 4)).
-3
-3 + 3 - -4 - 0 - 8
-4
What is the value of -4 - (-14 + -6 + 11)?
5
-7 - (-10 + 14 - 8)
-3
Calculate -13 + 13 - ((9 - 2) + -2).
-5
(3 - (1 + 1 + -1)) + -1
1
15 + -4 + -51 + 40
0
What is the value of 3 + -4 + 1 + -2 + 1?
-1
What is the value of -10 + (10 - (7 - 1))?
-6
What is the value of -4 + (2 - -10 - 4)?
4
(21 - 19) + (-2 - 1)
-1
What is the value of (-5 - -9) + 0 + -6?
-2
Evaluate (-2 - -4) + (2 - (5 + -5)).
4
8 + -7 - (-1 + 3)
-1
(13 - 2) + -13 + 1
-1
-1 - 2 - (-2 - (1 - 4))
-4
What is 4 + -2 + 2 + 1 + 4?
9
What is the value of (0 - 3) + -5 + 6 + -3?
-5
What is the value of 3 - (-3 + -3 + 5)?
4
-3 + (9 - (-4 + (-5 - -15)))
0
Evaluate 3 - (-3 + -3 + 2 + 6).
1
What is the value of -1 + 3 + -11 + 16?
7
Evaluate -2 - (-3 - (-6 - (2 + -11))).
4
-3 + 0 + (-4 - -9)
2
Calculate (-12 - -4 - -4) + 12.
8
Calculate 5 - (5 - (-5 - -9)).
4
Calculate (-15 - -19) + 4 + -1.
7
Evaluate -3 - (-4 - -1 - -4) - -3.
-1
What is the value of (-2 - (-4 - 0 - -2)) + -2?
-2
Evaluate 39 + -43 + (0 - 0).
-4
(7 - -3 - 3) + (-9 - -4)
2
Calculate -4 + (5 - 4) + 4 + 3.
4
Evaluate -6 + -2 + 0 + 10 + -7.
-5
Evaluate -1 + -7 + 6 + 7.
5
3 + (2 - 3) - (2 - 1)
1
What is the value of 15 + (-7 - 7) - (1 - 2)?
2
Evaluate (-19 - -13) + (-1 - -10 - 5).
-2
What is the value of -7 + 6 + -6 - -4?
-3
2 + -4 - (-2 + 5 - 7)
2
Calculate 4 + 2 + 8 + -10 + 4.
8
Evaluate -6 - ((3 - 0) + -3 - 2).
-4
What is the value of (3 - 0) + (2 - (11 + -5))?
-1
What is (-7 - ((-7 - -13) + -10)) + -5?
-8
Calculate -4 + (7 - 3) + 3.
3
What is 0 - ((10 - 6) + -1 + -6)?
3
Calculate (-1 - (-2 + 2)) + 2 + -2.
-1
What is the value of 3 - (1 - (4 + -19)) - -6?
-7
What is the value of (-44 - -44) + 5 + 0?
5
-15 + 5 + (-14 - -13)
-11
Calculate (4 - 5 - -3) + 2.
4
-1 + -1 - (-9 + 4 - -6)
-3
What is the value of -2 - ((-1 - -4) + -9 + 0)?
4
What is -1 - (0 + -5 + 4)?
0
What is the value of (-5 - (2 - (-2 + 1))) + 4?
-4
What is the value of 2 + 0 + (1 - 1)?
2
What is 10 + -8 + 8 - 17?
-7
Evaluate -15 + -2 + (4 - -8).
-5
84 + -61 - (1 - -12)
10
What is the value of (16 - 12) + (-1 + -1 - 1)?
1
Calculate 14 + -11 + 3 + -14 + 2.
-6
3 - 0 - (3 + -5 - 0)
5
What is -3 + 0 + 6 + (-3 - 1)?
-1
What is the value of (-11 + 12 - (9 - 2)) + 6?
0
Calculate (2 - -2) + (0 - 7) + 1.
-2
What is 0 - ((9 - 10) + 2)?
-1
Evaluate 4 + -11 + (3 + -7 - -9).
-2
Evaluate -12 + 0 - ((-4 - -2) + -3).
-7
Calculate 2 - (-4 + 9 + (1 - -2)).
-6
Evaluate (3 - 4) + -3 + 4 + 5.
5
What is the value of -1 - 3 - (-11 - -1 - -1)?
5
What is (-3 - -1) + (-3 + 1 - -7)?
3
What is the value of -4 + -14 + 34 + -9?
7
-2 + -5 + 6 + -2 + 5
2
What is the value of 2 + 0 - (-4 - -4 - 2)?
4
Calculate (7 + 0 - 5) + -6.
-4
Evaluate -5 - (7 + -2) - (3 - 6).
-7
What is 2 - (-9 - (2 - 7) - -4)?
2
What is (7 - 14) + 7 + -3?
-3
What is 3 + -12 - (-3 + -1 + 0)?
-5
Calculate -12 - -13 - (-3 + 0).
4
5 + -3 + -3 + 2 + 0
1
Evaluate 15 - (11 - (11 + -11)).
4
10 - 5 - 8 - -5
2
Evaluate 14 + -13 + (6 - 3) + 2.
6
What is the value of (-2 + -3 - 2) + 4 + 3?
0
What is the value of -1 - -4 - (11 - 5 - 1)?
-2
Evaluate -4 + (1 - -5) + -4.
-2
What is the value of 1 + -4 + (5 + -6 - 1)?
-5
Calculate (0 - -1) + (0 - 1).
0
Calculate 5 + -8 + 2 + -1.
-2
0 + 0 + (4 - 2)
2
What is -2 + (3 - (4 + -4) - -1)?
2
4 + (10 - 7) - 2
5
What is the value of (-17 - -10 - -14) + -11?
-4
Calculate 3 + (4 - -1) + -9.
-1
What is (-2 + (2 - -1) - 1) + 2?
2
Calculate (-3 + 16 - (6 + 0)) + -4.
3
Calculate 6 + (-5 - -5) - 6.
0
What is -103 + 97 + 1 + 0 + -1?
-6
Calculate -23 + 16 + -5 + 6.
-6
What is the value of -7 + 12 + 2 + -4 - -4?
7
What is 9 - 17 - (-3 + -7)?
2
Evaluate (6 - 1) + -2 + 0.
3
What is the value of -13 - -14 - (-2 + -1) - 5?
-1
What is -1 + 4 - 1 - 0 - -3?
5
Evaluate 0 + -7 + 10 + -7.
-4
Calculate (2 + 1 - 2 - 1) + 2.
2
Calculate -6 + (-4 - (3 + (5 - 11))).
-7
Evaluate (-1 - 1) + 7 - (-12 + 16).
1
Evaluate 2 - -2 - (-15 + 16).
3
Evaluate -2 - -3 - (6 + -6).
1
Calculate 3 - (-1 + 5 + 4).
-5
Evaluate (-3 - -1) + -6 + 2.
-6
Evaluate -5 + 7 + 2 - (-3 + 7).
0
Evaluate 2 + -5 - 0 - 0.
-3
Calculate (4 - (-4 - -6)) + (-1 - 4).
-3
What is -4 - (5 - 8) - (22 + -29)?
6
Calculate 2 + -3 + (2 - 2 - -1).
0
-10 + 8 + (0 - -1)
-1
What is 3 - 2 - (-9 + 1 - -2)?
7
What is the value of -6 + 3 + 25 + -19?
3
2 - (-4 + (1 - (0 + -2)))
3
Evaluate (-4 - (-13 - -2 - -5)) + 3.
5
0 - (-3 - -1) - (-5 + 5)
2
Calculate (-8 - -4 - -8) + -4.
0
(2 - -2) + 8 + -14
-2
Calculate 3 + 0 - (4 - 0) - -2.
1
What is the value of (5 - 10) + 2 + -2?
-5
What is 0 + 2 + 2 - 7 - -4?
1
-4 + 3 - 4 - (1 - 5)
-1
Calculate -7 + 13 + -8 + 3.
1
Calculate (9 - 4) + -3 + -3 + 2.
1
Calculate -3 - (5 + (7 - 13)) - 4.
-6
Evaluate (8 - (31 - 10)) + 10.
-3
What is the value of -11 + (-12 - -17 - 0)?
-6
What is -5 + 5 - -5 - (-2 + 7)?
0
Evaluate (-4 + 3 + 6 - -1) + -3.
3
Evaluate 1 + 1 - (16 + -9).
-5
Calculate 7 - (16 + -13 - (0 + 0)).
4
What is the value of (6 - 3) + 0 + -1?
2
-3 - (1 + 3 - 2)
-5
Evaluate -1 - -2 - (0 - (0 - -1)).
2
-5 + -7 + 8 - -8
4
Evaluate (1 - 3) + (-3 - (3 + -3)).
-5
What is the value of 0 + -4 + 1 + 8?
5
What is the value of 0 + 6 + -39 + 20 + 15?
2
What is the value of (-11 - (1 + -10 - -5)) + 5?
-2
Evaluate -3 + (-2 - -10 - -2).
7
-1 + 6 + (-1 - 1)
3
What is -4 + -1 - (2 + -7 + 4)?
-4
What is 1 + (-10 - -5) + 3?
-1
2 + -2 - (2 + -5)
3
What is the value of -1 + 1 + (5 - 4) + 1?
2
What is the value of (-1 - (-2 - -6)) + 0?
-5
What is 2 + (-20 - (-7 - (-8 - -9)))?
-10
What is the value of -12 + (-10 - 4) + 15?
-11
Evaluate -7 + (7 - 2) + 4.
2
What is the value of 7 - (2 + (4 - (2 - 1)))?
2
What is the value of 0 + 3 - (1 - -2 - 7)?
7
Calculate (-3 - (-2 + 5)) + 3.
-3
-1 - (-2 + 2 - -3)
-4
Calculate 2 - (-4 + (6 - 5)).
5
What is (0 - (5 + -1)) + 4 + -2?
-2
What is -8 - (6 + -1 + -7)?
-6
Calculat